3 - p**2 + 3*p + 239. What is the hundreds digit of c(0)?
2
Suppose 4*j = -j + 3*x + 128, -j + 3*x = -28. Suppose n = -10 + j. What is the units digit of n?
5
Suppose -x + 2 = 5. Let h be (2 - 1)*(x - 1). Let c = h - -11. What is the units digit of c?
7
Let k(t) = -10*t - 3. Let r(z) be the first derivative of -z**2/2 - z - 2. Let a(v) = -k(v) + 2*r(v). What is the units digit of a(1)?
9
Suppose -5*z - 30 = -2*z. What is the units digit of (-4)/z + 176/10?
8
Let j = -34 - -24. Let b = j - -22. What is the units digit of b?
2
Let w = -235 + 383. What is the tens digit of w?
4
Let c be (18/(-12))/((-2)/4). Suppose 0 = -c*v + 48 + 54. Suppose 0 = -2*f + 5*q + v - 8, f = -3*q + 13. What is the units digit of f?
3
Let s(o) = -4*o**3 - 2*o**3 + 8 + 5*o**3 - 6*o**2. What is the units digit of s(-6)?
8
Let m be (-6)/(-9) + (-13)/(-3). Suppose 0*s = -m*s + n + 65, -5*s - 2*n = -65. What is the units digit of s?
3
Let g(y) = -4*y**3 + 2*y + 1. Let x be g(-1). Let i = 7 - x. What is the units digit of i?
4
Let b(x) = x**3 + 4*x + 3*x - 4*x + 1 + 6*x**2 + 2*x. What is the tens digit of b(-4)?
1
Let f(b) = -4*b**2 + 11*b - 5. Let j(t) = -5*t**2 + 12*t - 5. Let o(q) = 4*f(q) - 3*j(q). What is the units digit of o(5)?
0
Let s be 15/10*(0 - -2). Suppose 5*a + 7 = 4*c, 0 = s*a - a + c - 5. What is the units digit of a?
1
Suppose 0*i = -5*i + 65. What is the units digit of i?
3
Let m = 39 - 2. Suppose m = 2*z + 5*s, 0 = z + s + 4*s - 21. What is the units digit of z?
6
Let y(q) = q**3 + 8*q**2 - 3*q + 4. Let t(v) = -v**3 - 9*v**2 - 7*v. Let n be t(-8). What is the units digit of y(n)?
8
Suppose 0 = 3*j - 0*a + 3*a, -3*a = j + 10. Suppose -5*b + 3*v = j*v - 50, v = b - 10. What is the units digit of b?
0
Suppose 12 = -3*x - 3*d, x - 7*d + 4*d = 12. Suppose t + t = x. What is the units digit of 0 + t + 5 + 0?
5
Let z = 410 - 256. What is the tens digit of z?
5
Let z = -9 - -18. Let j = z - 4. What is the units digit of j?
5
Let n(v) = -v**3 + 7*v**2 + 10*v - 1. Let s be n(8). What is the units digit of (s/6)/((-3)/(-60))?
0
Suppose -2*x - 5*g = -65, -4*g - 95 = -5*x - 3*g. Let k be (-2 - (x - 1))/(-1). Suppose 3*v + 0*v - k = 0. What is the units digit of v?
7
Let m(u) = -2*u**2 - 21*u - 1. Let s(l) = -3*l**2 - 31*l - 1. Let w(d) = -7*m(d) + 5*s(d). Let b be ((-4)/(-5))/(6/(-60)). What is the units digit of w(b)?
2
Let k(l) be the third derivative of -l**6/120 - l**5/60 + l**4/24 + l**3/2 + 3*l**2. What is the tens digit of k(-3)?
1
Let t be 135/20 + (-3)/4. Suppose -s + t = 2*s. What is the units digit of s?
2
Let m be 0 - (-3 - -4) - -3. Suppose v = m + 12. What is the tens digit of v?
1
Let g(n) = -n**3 - 2*n**2 + 2*n - 2. Let w(s) = -s**3 - 9*s**2 + 10*s - 3. Let l be w(-10). What is the units digit of g(l)?
1
Suppose 10 - 26 = -2*v. Let o = v + -2. What is the units digit of (40/(-12))/(o/(-9))?
5
Suppose -9 = -b - 2*b. Suppose y + b + 8 = 3*n, -5*n + 16 = -4*y. What is the units digit of y?
1
Let m = -8 - -21. Suppose q - m = -3*k + 22, -4*q = 4. What is the units digit of 20/k - (-2)/6?
2
Let u(b) = -b**2 - 6. Let d be u(4). What is the units digit of 14 + 0 - d/(-11)?
2
Let v = 45 - 1. Suppose 2*t = 6*t - v. What is the tens digit of t?
1
Let q = 167 - 52. What is the hundreds digit of q?
1
Let s(p) = 2*p**2 - 6*p - 6. Let v = 0 + -2. Let y(d) = -d**2 + 7*d + 5. Let q(g) = v*s(g) - 3*y(g). What is the units digit of q(-6)?
5
What is the units digit of (-98)/(-2) - (-8 + 7)?
0
Let s be -1 - (-3)/(3/5). Let h(b) = b**2 - 3*b + 3. Let p be h(-4). Suppose g - 3 = 4*g, s*x = 3*g + p. What is the units digit of x?
7
Let x = 6 + -3. What is the units digit of (-1 - -2) + -1 + x?
3
Suppose -t + 3*t + 4*h = 48, 2*t - 5*h = 12. What is the tens digit of t?
1
Let c = 0 + 3. Suppose 3*p - 4*p = 3*g - 5, 4*g + 2*p - 4 = 0. Suppose 0 = -g*b + 9 + c. What is the units digit of b?
4
Let g be (-49)/(-2) + (-12)/8. Suppose 3 - g = 5*c. Let n(l) = l**3 + 4*l**2 - 4*l - 2. What is the units digit of n(c)?
4
Suppose -167 = -2*k + 3*p + 76, k - 3*p = 126. What is the units digit of 1/4 - k/(-12)?
0
Let b(a) = -a**2 - 7*a - 2. Let k be b(-7). Let j(i) = 2*i**2 + 3*i. Let c be j(k). Suppose 19 = -c*x + 59. What is the units digit of x?
0
Suppose -2*r + s = -3*s - 36, -3*r + 87 = 5*s. Let f = r + 10. What is the units digit of (-3)/(-9) - f/(-6)?
6
Suppose -2*s + 10 - 4 = 0. Suppose 5*p - 3*j = 124, -3*p - 2*j - s = -85. What is the units digit of p?
6
Let o = 20 + 21. Suppose 5*w + 93 = 4*h, 3*h - 2*w - 34 = o. What is the tens digit of h?
2
Let l(z) = 13*z**2 + 2*z + 1. Let s(c) = -c + 5. Let i be s(6). What is the tens digit of l(i)?
1
Let g(m) = m**3 + 7*m**2 + m + 8. Let r be g(-7). Let s = 10 + r. Suppose -s + 0 = -t. What is the tens digit of t?
1
Let n(c) = -c**2 + 3*c + 13. Let g be n(5). Suppose 5*h = -4*z + 47, 8 = 2*h + 3*z - 15. Suppose 5 = g*u - h. What is the units digit of u?
4
Suppose 5*f - 2 - 18 = 0. Suppose 0*i = -4*i - f. What is the units digit of (i + 4)*(-2 + 3)?
3
What is the units digit of (48/(-10))/((-2)/10)?
4
Let i(b) = -21*b - 19. What is the tens digit of i(-8)?
4
Suppose 251 = 2*i + 5*u, 258 = 5*i - 3*i - 2*u. What is the tens digit of i?
2
Suppose 2*a = -4 - 6. Let c be (-1 + a)/(6/(-4)). Suppose 0 = -d - g + 1, c*d + 2*g - 19 = g. What is the units digit of d?
6
Let t be 4/(-6) - 4/(-6). Let h = 26 - t. What is the units digit of h?
6
Let i = 13 + -8. Suppose -3*p + i*m = -122, 5*p + 2*m - 198 = 5*m. What is the tens digit of p?
3
Suppose 2*o + 3*o + 67 = -4*l, 4*o + 51 = -3*l. What is the units digit of (l + (2 - 1))*-1?
2
Suppose 10 + 110 = 4*v. Suppose -a + 2*c = -5*a + v, 0 = -5*a - 3*c + 35. What is the units digit of a?
0
Let k = -13 + 104. What is the tens digit of k?
9
Let z = 96 + -23. What is the tens digit of z?
7
Let d(i) = -10*i + 8. What is the units digit of d(-6)?
8
Suppose 5*q + t + t = 9, 5*q = 4*t - 3. Suppose 9 = 2*d + q. What is the units digit of d?
4
Suppose -3*r + 60 = -3*x, 3*r + 4*x - 25 = 2*r. What is the tens digit of r?
2
Let t(n) be the first derivative of 4*n**3/3 - n**2 + 5*n + 9. What is the units digit of t(-3)?
7
Let h(y) = 3 - 5*y**2 + 10*y**2 - 4. Let t = -4 - -3. What is the units digit of h(t)?
4
Let t(r) = -2 + 5*r - r + 11 + 3*r + r**2. What is the units digit of t(-6)?
3
Suppose 7*x - 2*x - 217 = -3*o, 4*x = -4*o + 300. Suppose 4*v = -d - d + 64, -5*v + o = 2*d. What is the tens digit of v?
1
Suppose -3*i = -2*i - 4*a - 27, 98 = 2*i + 3*a. What is the units digit of i - ((-4 - -8) + -8)?
7
Suppose 6*i + 3*y = 3*i + 384, y = -5*i + 632. What is the hundreds digit of i?
1
Suppose 2916 + 340 = 11*n. What is the units digit of n?
6
Suppose 2*t + 4*m = 3 + 1, -t + 7 = -3*m. Suppose w + w + 5*b = 42, 60 = t*w + 4*b. What is the tens digit of w?
1
Suppose 0 = -7*w + 9*w - 302. What is the units digit of w?
1
Let o(n) = n**3 - 10*n**2 + 10*n. Let u be o(9). Let i = u - -1. What is the tens digit of i?
1
Let k(r) = r - 2. Let o(i) = 7*i**2 + 1. Let q(x) = -x**2 + 2*x + 2. Let j be q(3). Let w be o(j). What is the units digit of k(w)?
6
Let n(c) be the first derivative of -3*c**4/4 - 2*c**3/3 + c**2/2 - 2*c - 4. What is the units digit of n(-2)?
2
Let b = 189 + -130. What is the tens digit of b?
5
Let u(v) = -3 + 3*v**2 - 2*v**2 - v - 3*v. Let m be u(4). Let c = 0 - m. What is the units digit of c?
3
Suppose 0 = -5*k - b + 105, 6*k = 4*k + 5*b + 42. What is the units digit of k?
1
Let g(p) = p**2 - 10*p + 13. Let f be g(11). What is the tens digit of ((-54)/f)/(2/(-16))?
1
Suppose -3*a = -3*j - 2*a + 18, -29 = -4*j + 3*a. Suppose y - 24 = j*f, -5*f - 97 = -4*y - 31. What is the units digit of y?
4
Let h(l) = 2*l**2 - 10*l - 13. What is the units digit of h(8)?
5
Let k(n) = -n**3 + 8*n**2 + n + 9. Let f be k(7). Suppose -6*h + h = -f. What is the units digit of h?
3
Let q be (-2 - -3)/(1/(-1)). Let f be (-126)/(-8) + q/(-4). Suppose -f = -4*b - 4*j, -20 = -b - 2*b + j. What is the units digit of b?
6
Let j(p) = -p + 5. Let w(r) = -3*r + 1. Let l be w(2). What is the tens digit of j(l)?
1
Let h(p) = p**2 - 7*p + 4. Let d be h(6). What is the tens digit of 2/(d/(-13)) - -3?
1
Let b(w) = 4*w**3 - 2*w + 1. Let u be b(1). What is the units digit of u + 2 + 7 + -1?
1
Let r(t) = -74*t - 21. What is the tens digit of 